{"id":46,"date":"2012-08-24T08:20:32","date_gmt":"2012-08-24T06:20:32","guid":{"rendered":"http:\/\/web165.boss.nbiserv.de\/TSV-Hespe\/?page_id=46"},"modified":"2022-07-30T13:39:14","modified_gmt":"2022-07-30T11:39:14","slug":"wir-uber-uns-2","status":"publish","type":"page","link":"https:\/\/www.tsv-hespe.de\/?page_id=46","title":{"rendered":"Wir \u00fcber uns"},"content":{"rendered":"<h1 style=\"text-align: center;\"><img loading=\"lazy\" class=\"aligncenter size-large wp-image-70246\" src=\"http:\/\/www.tsv-hespe.de\/wp-content\/uploads\/2013\/07\/Alt Herren 8-1024x579.jpg\" alt=\"Alt Herren 8.jpg\" width=\"510\" height=\"288\" srcset=\"https:\/\/www.tsv-hespe.de\/wp-content\/uploads\/2013\/07\/Alt%20Herren%208-1024x579.jpg 1024w, https:\/\/www.tsv-hespe.de\/wp-content\/uploads\/2013\/07\/Alt%20Herren%208-600x339.jpg 600w, https:\/\/www.tsv-hespe.de\/wp-content\/uploads\/2013\/07\/Alt%20Herren%208-190x107.jpg 190w, https:\/\/www.tsv-hespe.de\/wp-content\/uploads\/2013\/07\/Alt%20Herren%208-60x33.jpg 60w, https:\/\/www.tsv-hespe.de\/wp-content\/uploads\/2013\/07\/Alt%20Herren%208-400x226.jpg 400w\" sizes=\"(max-width: 510px) 100vw, 510px\" \/><\/h1>\n<h1 style=\"text-align: center;\">TSV Hespe, Hauptstra\u00dfe 14, 31693 Hespe<\/h1>\n<h3>LSB-Vereinsnummer: 0302240820<\/h3>\n<h2>Der TSV Hespe e.V. ist ein d\u00f6rflicher Sportverein mit ca. 700 Mitgliedern, der 1926 gegr\u00fcndet wurde.<br \/>\nEs stehen ein Sportplatz, eine Sporthalle, drei Tennispl\u00e4tze sowie eine Bouleanlage zur Verf\u00fcgung.<\/h2>\n<p><strong>Monatsbeitr\u00e4ge Erwachsene:<\/strong> 4,00\u20ac<br \/>\n<strong>Kinder u. Jugendliche:\u00a0\u00a0 <\/strong>3,00\u20ac<br \/>\n<strong>Familien:\u00a0 <\/strong>8,00\u20ac<br \/>\n<strong>Aktivenzuschlag:\u00a0\u00a0 <\/strong>2,00\u20ac<br \/>\nDer Einzug der Beitr\u00e4ge erfolgt halbj\u00e4hrlich. Jeder Erwachsene, der in einer oder mehrerer der Sparten Turnen, Fu\u00dfball und Tischtennis aktiv ist, zahlt diesen Zuschlag. Die H\u00f6he der Aktivenbeitr\u00e4ge der Tennissparte wird innerhalb der Sparte festgelegt<\/p>\n<h2><a href=\"https:\/\/www.tsv-hespe.de\/wp-content\/uploads\/EndfassungSatzung-TSV-2020.pdf\">Satzung<\/a><\/h2>\n<h4><\/h4>\n","protected":false},"excerpt":{"rendered":"<p><a href=\"https:\/\/www.tsv-hespe.de\/?page_id=46\" style=\"background-image: url(https:\/\/www.tsv-hespe.de\/wp-content\/uploads\/2012\/08\/tsv2-152x190.jpg);\" class=\"thumb_crop\">https:\/\/www.tsv-hespe.de\/wp-content\/uploads\/2012\/08\/tsv2-152x190.jpg<\/a>TSV Hespe, Hauptstra\u00dfe 14, 31693 Hespe LSB-Vereinsnummer: 0302240820 Der TSV Hespe e.V. ist ein d\u00f6rflicher Sportverein mit ca. 700 Mitgliedern, der 1926 gegr\u00fcndet wurde. Es stehen ein Sportplatz, eine Sporthalle, drei Tennispl\u00e4tze sowie eine Bouleanlage zur Verf\u00fcgung. Monatsbeitr\u00e4ge Erwachsene: 4,00\u20ac &hellip;<\/p>\n<div class=\"read_more\"><a href=\"https:\/\/www.tsv-hespe.de\/?page_id=46\">read more<\/a><\/div>\n","protected":false},"author":1,"featured_media":18,"parent":0,"menu_order":0,"comment_status":"open","ping_status":"open","template":"","meta":[],"_links":{"self":[{"href":"https:\/\/www.tsv-hespe.de\/index.php?rest_route=\/wp\/v2\/pages\/46"}],"collection":[{"href":"https:\/\/www.tsv-hespe.de\/index.php?rest_route=\/wp\/v2\/pages"}],"about":[{"href":"https:\/\/www.tsv-hespe.de\/index.php?rest_route=\/wp\/v2\/types\/page"}],"author":[{"embeddable":true,"href":"https:\/\/www.tsv-hespe.de\/index.php?rest_route=\/wp\/v2\/users\/1"}],"replies":[{"embeddable":true,"href":"https:\/\/www.tsv-hespe.de\/index.php?rest_route=%2Fwp%2Fv2%2Fcomments&post=46"}],"version-history":[{"count":35,"href":"https:\/\/www.tsv-hespe.de\/index.php?rest_route=\/wp\/v2\/pages\/46\/revisions"}],"predecessor-version":[{"id":168862,"href":"https:\/\/www.tsv-hespe.de\/index.php?rest_route=\/wp\/v2\/pages\/46\/revisions\/168862"}],"wp:featuredmedia":[{"embeddable":true,"href":"https:\/\/www.tsv-hespe.de\/index.php?rest_route=\/wp\/v2\/media\/18"}],"wp:attachment":[{"href":"https:\/\/www.tsv-hespe.de\/index.php?rest_route=%2Fwp%2Fv2%2Fmedia&parent=46"}],"curies":[{"name":"wp","href":"https:\/\/api.w.org\/{rel}","templated":true}]}}